{"id":35,"date":"2022-04-20T00:22:29","date_gmt":"2022-04-19T22:22:29","guid":{"rendered":"https:\/\/www.amapauxfees74.org\/?page_id=35"},"modified":"2023-02-08T19:51:17","modified_gmt":"2023-02-08T18:51:17","slug":"lassociation","status":"publish","type":"page","link":"https:\/\/www.amapauxfees74.org\/index.php\/lassociation\/","title":{"rendered":"L&rsquo;association"},"content":{"rendered":"\n<p>L\u2019AERE, Association Environnement Reignier-Esery, na\u00eet \u00e0 Reignier, dans le d\u00e9partement fran\u00e7ais de Haute-Savoie en 2008. Parmi ses projets figure la cr\u00e9ation d\u2019une AMAP. Ce projet\u00a0 faillit dispara\u00eetre. \u00ab\u00a0Faut pas r\u00eaver, nous disions-nous, jamais on ne trouvera de producteur qui veuille faire une AMAP\u00a0\u00bb\u2026<\/p>\n\n\n\n<p>Pendant ce temps, de l\u2019autre c\u00f4t\u00e9 de la rue, Jean-Pierre et Frieda Biolluz, voisins et mara\u00eechers, d\u00e9siraient se mettre en AMAP, mais n\u2019avaient pas d\u2019adh\u00e9rents\u2026 Gr\u00e2ce \u00e0 Sophie Biolluz, le contact fut \u00e9tabli en 2009. L\u2019AERE, avec son r\u00e9seau de sympathisants, fournissait aux producteurs un groupe de d\u00e9marrage \u00ab\u00a0cl\u00e9s en main\u00a0\u00bb. Une belle rencontre !<\/p>\n\n\n\n<p>Ainsi se forma le premier \u00ab&nbsp;collectif&nbsp;\u00bb qui baptisa l\u2019AMAP \u00abLes paniers de la Pierre aux F\u00e9es \u00bb en r\u00e9f\u00e9rence au fameux dolmen de Reignier, non loin des terrains de Magny.<\/p>\n\n\n\n<p>Le recrutement d\u2019adh\u00e9rents d\u00e9marra ; la t\u00e2che ne fut pas facile en raison du caract\u00e8re rural de Reignier-Esery : quantit\u00e9 de familles ont leur propre jardin et les mara\u00eechers ne manquent pas. Toutefois, la formule AMAP s\u00e9duit assez de personnes pour lancer la premi\u00e8re saison culturale en 2010.<\/p>\n\n\n\n<p>\u00a0L&rsquo;AMAP devient ensuite une association loi 1901 le 9 f\u00e9vrier 2011. Elle fonctionne dans le respect de la\u00a0<a rel=\"noreferrer noopener\" href=\"https:\/\/www.amapauxfees74.org\/wp-content\/uploads\/2022\/04\/Charte-des-AMAP-mars-2014.pdf\" target=\"_blank\">Charte des AMAP<\/a>.<\/p>\n\n\n\n<p>Depuis l\u2019association est g\u00e9r\u00e9e par un Collectif compos\u00e9 <em>d\u2019adh\u00e9rents qui assurent b\u00e9n\u00e9volement le fonctionnement de l\u2019AMAP<\/em>. Elu lors de l\u2019Assembl\u00e9e G\u00e9n\u00e9rale annuelle, il se r\u00e9unit une fois par mois. Toute candidature est la bienvenue. Pour assister \u00e0 une r\u00e9union et\/ou pour participer \u00e0 la gestion de l\u2019AMAP en rejoignant le Collectif, nous contacter au : 06 88 02 05 42<br>Lieu de Rendez-vous&nbsp;: <a href=\"https:\/\/www.google.fr\/maps\/@46.1332719,6.2951872,3a,75y,280.17h,75.31t\/data=!3m6!1e1!3m4!1sibSClAjL5SYmaGbljwxSAw!2e0!7i13312!8i6656\">Ancienne \u00e9cole de l\u2019Eculaz<\/a> &#8211; <a href=\"https:\/\/www.google.fr\/maps\/@46.1332719,6.2951872,3a,75y,280.17h,75.31t\/data=!3m6!1e1!3m4!1sibSClAjL5SYmaGbljwxSAw!2e0!7i13312!8i6656\">Reignier-Esery<\/a>.<\/p>\n\n\n\n<p><\/p>\n\n\n\n<p><\/p>\n\n\n\n<p><\/p>\n","protected":false},"excerpt":{"rendered":"<p>L\u2019AERE, Association Environnement Reignier-Esery, na\u00eet \u00e0 Reignier, dans le d\u00e9partement fran\u00e7ais de Haute-Savoie en 2008. Parmi ses projets figure la cr\u00e9ation d\u2019une AMAP. Ce projet\u00a0 faillit dispara\u00eetre. \u00ab\u00a0Faut pas r\u00eaver, nous disions-nous, jamais on ne trouvera de producteur qui veuille faire une AMAP\u00a0\u00bb\u2026 Pendant ce temps, de l\u2019autre c\u00f4t\u00e9 de la rue, Jean-Pierre et Frieda [&hellip;]<\/p>\n","protected":false},"author":1,"featured_media":0,"parent":0,"menu_order":0,"comment_status":"closed","ping_status":"closed","template":"","meta":{"site-sidebar-layout":"default","site-content-layout":"","ast-site-content-layout":"default","site-content-style":"default","site-sidebar-style":"default","ast-global-header-display":"","ast-banner-title-visibility":"","ast-main-header-display":"","ast-hfb-above-header-display":"","ast-hfb-below-header-display":"","ast-hfb-mobile-header-display":"","site-post-title":"","ast-breadcrumbs-content":"","ast-featured-img":"","footer-sml-layout":"","ast-disable-related-posts":"","theme-transparent-header-meta":"","adv-header-id-meta":"","stick-header-meta":"","header-above-stick-meta":"","header-main-stick-meta":"","header-below-stick-meta":"","astra-migrate-meta-layouts":"default","ast-page-background-enabled":"default","ast-page-background-meta":{"desktop":{"background-color":"var(--ast-global-color-4)","background-image":"","background-repeat":"repeat","background-position":"center center","background-size":"auto","background-attachment":"scroll","background-type":"","background-media":"","overlay-type":"","overlay-color":"","overlay-opacity":"","overlay-gradient":""},"tablet":{"background-color":"","background-image":"","background-repeat":"repeat","background-position":"center center","background-size":"auto","background-attachment":"scroll","background-type":"","background-media":"","overlay-type":"","overlay-color":"","overlay-opacity":"","overlay-gradient":""},"mobile":{"background-color":"","background-image":"","background-repeat":"repeat","background-position":"center center","background-size":"auto","background-attachment":"scroll","background-type":"","background-media":"","overlay-type":"","overlay-color":"","overlay-opacity":"","overlay-gradient":""}},"ast-content-background-meta":{"desktop":{"background-color":"var(--ast-global-color-5)","background-image":"","background-repeat":"repeat","background-position":"center center","background-size":"auto","background-attachment":"scroll","background-type":"","background-media":"","overlay-type":"","overlay-color":"","overlay-opacity":"","overlay-gradient":""},"tablet":{"background-color":"var(--ast-global-color-5)","background-image":"","background-repeat":"repeat","background-position":"center center","background-size":"auto","background-attachment":"scroll","background-type":"","background-media":"","overlay-type":"","overlay-color":"","overlay-opacity":"","overlay-gradient":""},"mobile":{"background-color":"var(--ast-global-color-5)","background-image":"","background-repeat":"repeat","background-position":"center center","background-size":"auto","background-attachment":"scroll","background-type":"","background-media":"","overlay-type":"","overlay-color":"","overlay-opacity":"","overlay-gradient":""}},"footnotes":""},"class_list":["post-35","page","type-page","status-publish","hentry"],"_links":{"self":[{"href":"https:\/\/www.amapauxfees74.org\/index.php\/wp-json\/wp\/v2\/pages\/35","targetHints":{"allow":["GET"]}}],"collection":[{"href":"https:\/\/www.amapauxfees74.org\/index.php\/wp-json\/wp\/v2\/pages"}],"about":[{"href":"https:\/\/www.amapauxfees74.org\/index.php\/wp-json\/wp\/v2\/types\/page"}],"author":[{"embeddable":true,"href":"https:\/\/www.amapauxfees74.org\/index.php\/wp-json\/wp\/v2\/users\/1"}],"replies":[{"embeddable":true,"href":"https:\/\/www.amapauxfees74.org\/index.php\/wp-json\/wp\/v2\/comments?post=35"}],"version-history":[{"count":5,"href":"https:\/\/www.amapauxfees74.org\/index.php\/wp-json\/wp\/v2\/pages\/35\/revisions"}],"predecessor-version":[{"id":108,"href":"https:\/\/www.amapauxfees74.org\/index.php\/wp-json\/wp\/v2\/pages\/35\/revisions\/108"}],"wp:attachment":[{"href":"https:\/\/www.amapauxfees74.org\/index.php\/wp-json\/wp\/v2\/media?parent=35"}],"curies":[{"name":"wp","href":"https:\/\/api.w.org\/{rel}","templated":true}]}}